-l**2 - 82*l - 387. Let k be d(-77). Let h(n) = -n - 1. Let t be (-6)/(-4)*2/3. Let b(s) = -2*s - 1. Let p(j) = t*b(j) - 4*h(j). Determine p(k).
-1
Let j(o) = -5*o**2 + 6 + 5*o + 4 - 14*o**2 - 13*o**2 + 33*o**2. Give j(-4).
6
Suppose 0 = -2*c + 3*z - 0 - 2, 4*z + 4 = -4*c. Suppose -5*o + 18 = -2*o. Let v(s) = 4 - 2*s**2 - 3 + o*s**2. Give v(c).
5
Suppose -4*b - 4 = 2*m, -16 = -2*m - 3*m + 3*b. Let r = 15 + -7. Suppose m*c = -r - 2. Let t(l) = l**3 + 6*l**2 + 6*l + 7. What is t(c)?
2
Let z(x) be the third derivative of x**4/24 + 5*x**3/2 + 14*x**2 - 2*x. Give z(0).
15
Suppose 3*x - 2*s = 0, 2*s + 2 - 4 = 2*x. Let y(v) = -4*v**2 - v + 2 - 4 + v**x. What is y(-2)?
-12
Let w(j) = j - 7. Let g = 11 - 9. Let z(v) = -4*v - 4 + g*v + 19. Let p(c) = 13*w(c) + 6*z(c). Give p(3).
2
Let p(r) be the second derivative of -r**4/6 - r**3/3 + r**2 - 2*r + 3. What is p(-2)?
-2
Let f(s) be the first derivative of -2*s**2 - 82. Suppose 3 = 4*o - 5. Give f(o).
-8
Let g(d) = -1. Let o(p) = -p**2 - 5*p - 9. Suppose -2*t + 4 - 2 = 0. Let w(a) = t*o(a) - 3*g(a). Let r = -42 - -38. What is w(r)?
-2
Let c(u) = -3*u**2 - 5*u - 2. Let v(x) = -30 - 16*x**3 + 25*x - 14*x**2 - 12*x**2 + x + 15*x**3. Let b be v(-27). What is c(b)?
-14
Let s = -16 - -10. Let n(v) = -88*v - 4. Let d(t) = -194*t - 9. Let j(x) = 5*d(x) - 11*n(x). What is j(s)?
11
Let k(d) be the first derivative of -d**4/4 + 8*d**3/3 + d**2 - 10*d - 144. Let t = -9 + 17. Calculate k(t).
6
Let a(s) be the second derivative of s**3/3 - 5*s**2/2 + 336*s + 2. Determine a(-2).
-9
Suppose -12*w + 6*w + 492 = 0. Suppose 3*x = -64 + w. Let r(i) = -i**3 + 7*i**2 - 4*i + 4. Give r(x).
16
Suppose -5*q + 57 = 3*w + w, 0 = w + 3*q - 23. Let t(i) = -i**2 - w*i + 3*i - 2*i - 3. Give t(-4).
9
Let f(p) = 2*p**3 - p + 1. Suppose 21*c = 15*c - 12. Calculate f(c).
-13
Let x(v) = -5*v**2 - v**3 + 12 - 1 + 4 + 2*v + 5. Let f be x(-4). Let u(a) = -a**3 - 4*a**2 - 2*a - 5. What is u(f)?
3
Let l(a) = a**3 + 6*a**2 + 4*a - 5. Let i = -45 + 18. Let p be i/(-12)*4/(-1). Let w = p - -4. What is l(w)?
0
Let z(n) = -5*n + 4. Let h(j) = -j**3 - 24*j**2 + 5. Let a be h(-24). Suppose -a*k - 9 = -8*k. Give z(k).
-11
Let b be 31 + (-2 - -3) + -2. Suppose 7*d - 2*d - b = 0. Let i(h) = -h**2 + 7*h - 6. Let j be i(d). Let u(l) = l + 9. Determine u(j).
9
Let v = 63 - 47. Let j(r) = -v*r + 1 + r**3 - 2*r**2 + 18*r + 0*r**2. Give j(2).
5
Suppose -4*m - 54 = -m. Let h = -9 - m. Let s(f) = h*f**2 - 1 - 18*f**2 + f + 10*f**2. Calculate s(-2).
1
Let c be (-1)/(-2)*(35 + -41). Let h(s) = 4 + 7*s**3 - 4*s**3 + 3*s + 3*s**2 - 2*s**3. Determine h(c).
-5
Let o(r) be the first derivative of -r**3/3 + 13*r**2/2 - 21*r + 175. Determine o(11).
1
Suppose -5*j + 15 = 5*h, -3*j - 3*h - 6 = -5*h. Suppose j = 6*b - b - 50. Suppose -c = 2*x - b, -2*c - c + 10 = x. Let d(l) = -l**2 - l + 1. Determine d(c).
-5
Let q be 12 - -1 - (3 + 5 + -9). Let h(s) = 4*s - 47. Calculate h(q).
9
Suppose 5*q + 3*g = 3*q - 20, 3*q + 4*g + 28 = 0. Let y(s) be the first derivative of -s**3/3 - 3*s**2/2 + 67. Calculate y(q).
-4
Let h(g) = -g - 12. Suppose 76 = 6*t + 454. Let d be (68 + t)/(-1 - 2/(-4)). Give h(d).
-2
Let c(z) be the third derivative of -z**6/120 - z**5/6 + 11*z**4/24 - 3*z**2. Let j be c(-11). Suppose 3 = 3*g - j*g. Let k(x) = 9*x + 1. Determine k(g).
10
Suppose 4*i - 126 = 18*i. Let y(x) = 2*x + 6. Determine y(i).
-12
Let s(y) = 5 + 2*y**2 + 2*y + 4*y + 1. Let p(t) = -27*t + 940. Let g be p(35). Determine s(g).
26
Let r(p) = -p - 5. Let m(y) = y + 11. Let n(v) = 3*m(v) + 5*r(v). Let l(o) = 3*o + 3. Let u be l(3). Suppose u = k + k. Give n(k).
-4
Let u(w) be the second derivative of -w**5/20 - 7*w**4/12 - w**3/2 + 4*w**2 - 108*w + 1. Calculate u(-6).
-10
Let g(l) = -3*l**2 + 0 + 4*l**2 + l**3 - 1 + 2*l**2. Let p be -4 - (2 + -4 + -8). Suppose -10*a + p*a = 12. Calculate g(a).
-1
Let k be (3 + 7/(-2))*-14. Let q(t) = -4*t**3 + k - 14 + 7*t**2 - 5*t + 3*t**3. What is q(6)?
-1
Let g be ((-6)/(-24))/(2/56). Suppose g*d - 8 = 3*d. Let q(n) = -3*n**d + 4*n + 3 + 2*n - 3*n - 6*n. Determine q(-3).
-15
Let z = -259 - -264. Let q(y) = 6*y + 0*y - 7 - 5*y. Give q(z).
-2
Let o be -9 + 36/2 + -17*1. Let z(r) = -r**2 + 8*r - 8. Let v(j) = j**2 - j - 1. Let h(c) = 2*v(c) + z(c). Determine h(o).
6
Suppose -y - 1 + 5 = 0, 4*k + 8 = 5*y. Let a(n) = -2*n - 1. Let l(x) = 5*x + 1. Let s(f) = k*l(f) + 7*a(f). Let z(u) = 3*u + 3. Let v be z(-2). What is s(v)?
-7
Let q(r) be the third derivative of r**6/120 - r**4/24 - 2*r**2. Suppose 0 = -2*l - 3*m - 15, -4*l + 2*m = 229 - 239. Determine q(l).
0
Let b(t) = t**2 - 8*t + 9. Let r be b(7). Suppose r*g = -2, -5*g + 18 = -3*j + 5. Let l(h) = h**2 + 4*h - 8. Calculate l(j).
4
Let n(z) be the second derivative of 1/20*z**5 - 10*z + 11/12*z**4 + 0 + 13/2*z**2 + 2*z**3. Give n(-10).
-7
Let w(j) = -8*j**3 + 20*j**2 - 8*j + 3. Let u(x) = 7*x**3 - 18*x**2 + 7*x - 2. Let t(y) = -7*u(y) - 6*w(y). Let o = 18 + -14. Give t(o).
24
Let r(s) = s**3 + 5*s**2 + 14*s + 2. Let j(p) = -3*p**3 - 6*p**2 - 16*p - 2. Let k(d) = -6*j(d) - 7*r(d). Give k(-1).
-10
Let g(r) = 3 + 2*r**3 - r**3 - 14*r + 2*r**2 + 17*r. Calculate g(-3).
-15
Let d(x) = 56*x - 33*x - 2 - 24*x. Suppose 0 = 2*r + p - 0*p + 16, 4*r - p = -32. Let m be d(r). Let z(t) = t**3 - 5*t**2 - 5*t - 3. What is z(m)?
3
Let w(c) = 5*c**2 - 21*c - 25. Let n(t) = t**2 - 4*t - 5. Let m(f) = -11*n(f) + 2*w(f). What is m(-5)?
-30
Let b(a) = -a**3 - a**2 + 2*a + 2. Let u(k) = -7*k**3 - 3*k - 3. Let q(w) = b(w) + u(w). Determine q(-1).
7
Let r(a) be the third derivative of -a**6/10 + a**5/20 - a**4/8 + a**3/6 - 5*a**2 - 21. Determine r(1).
-11
Suppose -69*w - 583 = 590. Let f(g) = -2*g**2 - 36*g - 36. Calculate f(w).
-2
Let w be (-20)/(-3) - (-2)/(-3). Let d(n) = 3*n**2 - 8*n + 3. Let h(l) = -2*l**2 + 6*l - 2. Let p(k) = -5*d(k) - 8*h(k). Give p(w).
-11
Let j(u) = -4*u - 6. Let b(y) = 5*y + 7. Let i(h) = 5*b(h) + 6*j(h). Let r(c) = -c**2 + c + 1. Let n(p) = 6*i(p) - r(p). Give n(-6).
-1
Let i be (-28 - -28)/(-1 + (1 - -1)). Let y(w) = w**3 + w**2 + 9. What is y(i)?
9
Suppose -3*b - 13*k = -16*k, -2*k - 5 = 3*b. Let g(v) = 58*v**2 + 2*v + 1. Calculate g(b).
57
Let z(j) = -4 - 15*j - 4*j + 44*j - 13*j - 8*j. Give z(7).
24
Let x = 31 - 29. Let p(n) = n**x + 61 + 61 - 121 + 3*n. Give p(-2).
-1
Let h(d) be the third derivative of 11*d**4/24 - 2*d**3/3 + 14*d**2 + 22*d. Determine h(3).
29
Let t(p) be the second derivative of -2*p**4/3 - p**3/2 + 3*p**2/2 + 30*p + 1. Give t(2).
-35
Let w(d) be the third derivative of -d**7/840 + d**6/360 + d**5/40 + d**4/8 + 3*d**3/2 + 5*d**2. Let i(s) be the first derivative of w(s). Determine i(-2).
9
Let c(x) = x + 5. Let q(w) be the second derivative of w**3/3 + 3*w**2 - 23*w. Let d(z) = -5*c(z) + 4*q(z). Determine d(5).
14
Let l(r) = 9*r**3 + 6*r**2 - 10*r - 17. Let x(y) = 11*y**3 + 7*y**2 - 12*y - 18. Let u(s) = -6*l(s) + 5*x(s). Let h = 7 + -7. Give u(h).
12
Let d(n) = -n**2 - 11*n - 20. Let v(x) = -2*x + 2. Let h(w) = -d(w) - 4*v(w). Determine h(-9).
-78
Let z(j) = 7*j**2 + 0 - 518*j**3 - j**2 + 4 - 6*j + 517*j**3. Give z(5).
-1
Suppose 0 = -m + t + 11, -7*t - 13 = m - 2*t. Let z(x) = -x**2 + 6*x + 7. Determine z(m).
0
Let t(n) = -21 - n + 34 - 6. Give t(4).
3
Let a(c) = c**3 + 2*c**2 + 3*c + 3. Let i(y) be the first derivative of 1/2*y**2 - y + 1/3*y**3 + 13. Let v(q) = a(q) + 5*i(q). Determine v(-6).
-14
Let m = -51 + 55. Let g(u) = 6*u**2 - 8*u + m*u - 3*u**3 + 5*u**3 - 5 - u**3. Calculate g(-6).
19
Suppose 34 = 7*z + 10*z. Let a be (1 - (z - 1))*11/33. Let o(v) be the second derivative of v**4/12 + v**3/6 - 2*v**2 + v. What is o(a)?
-4
Let x(o) = -19*o - 60. Let s be x(-3). Let u(y) = -9*y - 1. Calculate u(s).
26
Let g be 3/(-2)*(-140)/30. Let w(l) = -l**2 + 9*l - 10. What is w(g)?
4
Let w(c) = -c**2 + 5*c + 10. Let g(j) = -2*j**2 - 20*j - 11. Let p(n) = n - 19. Let v be p(10). Let x be g(v). Give w(x).
-4
Let d(i) be the third derivative of -i**6/120 + i**5/6 - 3*i**4/8 - 2*i**3/3 - 41*i**2 - 2*i. Give d(9).
-4
Let x(b) = -2*b**2 + 15*b + 5. Let f be x(8). Let i(k) = 0*k**2 + 3*k**2 + 3*k + 0*k**2 + 1 + k**3. Determine i(f).
-8
Let x(w) = w**3 - w**2 - w + 1. Let i = -23 - -26. Let n(o) = -2*o**3 + 9*o**2 + 8*o - 4. Let v(k) = i*x(k) + n(k). Let z = -9 + 4. Determine v(z).
-1
Let 